t of 5300472781?
0
What is the hundred thousands digit of 62793721?
7
What is the ten thousands digit of 1817520645?
2
What is the millions digit of 1330163499?
0
What is the hundreds digit of 9348514?
5
What is the ten thousands digit of 2866859281?
5
What is the hundred thousands digit of 25432027?
4
What is the hundreds digit of 2580575393?
3
What is the hundred thousands digit of 599349?
5
What is the ten millions digit of 45618579?
4
What is the hundred millions digit of 3407244950?
4
What is the ten thousands digit of 395021394?
2
What is the millions digit of 1684235?
1
What is the tens digit of 13702931?
3
What is the thousands digit of 14732388?
2
What is the hundred millions digit of 154942761?
1
What is the tens digit of 648079122?
2
What is the ten millions digit of 233088600?
3
What is the thousands digit of 33717287?
7
What is the hundreds digit of 3157359140?
1
What is the hundred thousands digit of 1477757180?
7
What is the hundreds digit of 937750720?
7
What is the units digit of 192876347?
7
What is the ten millions digit of 163734356?
6
What is the tens digit of 195212778?
7
What is the ten thousands digit of 82577880?
7
What is the tens digit of 18325592?
9
What is the thousands digit of 79353348?
3
What is the hundreds digit of 1635577668?
6
What is the billions digit of 1645760459?
1
What is the ten thousands digit of 32744018?
4
What is the thousands digit of 37796428?
6
What is the ten millions digit of 443367895?
4
What is the ten millions digit of 5935488859?
3
What is the hundreds digit of 78572773?
7
What is the hundreds digit of 19352378?
3
What is the ten thousands digit of 293950442?
5
What is the units digit of 200199664?
4
What is the ten millions digit of 355399098?
5
What is the units digit of 86950555?
5
What is the units digit of 45816442?
2
What is the tens digit of 12011485?
8
What is the hundreds digit of 15046356?
3
What is the hundred millions digit of 256790546?
2
What is the hundreds digit of 218935744?
7
What is the tens digit of 27582834?
3
What is the tens digit of 2275163786?
8
What is the hundred thousands digit of 4017302?
0
What is the thousands digit of 203092702?
2
What is the millions digit of 446970361?
6
What is the hundred thousands digit of 104928929?
9
What is the tens digit of 32005605?
0
What is the ten thousands digit of 29812995?
1
What is the thousands digit of 2802675948?
5
What is the millions digit of 129021957?
9
What is the hundreds digit of 160746503?
5
What is the units digit of 30557339?
9
What is the hundreds digit of 1840709488?
4
What is the tens digit of 36150408?
0
What is the hundreds digit of 5509694261?
2
What is the ten thousands digit of 48103680?
0
What is the thousands digit of 382911047?
1
What is the thousands digit of 50587513?
7
What is the ten thousands digit of 25918739?
1
What is the ten thousands digit of 184874182?
7
What is the millions digit of 376604204?
6
What is the units digit of 301550420?
0
What is the hundred millions digit of 636813789?
6
What is the ten millions digit of 1203734863?
0
What is the tens digit of 18449886?
8
What is the hundreds digit of 523646947?
9
What is the hundred millions digit of 1447579860?
4
What is the units digit of 1948806155?
5
What is the tens digit of 99370000?
0
What is the hundreds digit of 322342444?
4
What is the hundred thousands digit of 78982780?
9
What is the hundreds digit of 1363230274?
2
What is the hundreds digit of 112936423?
4
What is the hundred thousands digit of 1014240333?
2
What is the units digit of 445099105?
5
What is the hundred millions digit of 1322792558?
3
What is the ten thousands digit of 2989688975?
8
What is the hundred thousands digit of 374665444?
6
What is the hundreds digit of 732816841?
8
What is the millions digit of 83936510?
3
What is the ten thousands digit of 1248644680?
4
What is the ten millions digit of 47750477?
4
What is the millions digit of 226702349?
6
What is the tens digit of 2645268649?
4
What is the hundreds digit of 568235529?
5
What is the hundreds digit of 3643727253?
2
What is the ten millions digit of 32128591?
3
What is the units digit of 368518048?
8
What is the millions digit of 330229131?
0
What is the hundred thousands digit of 12862002?
8
What is the ten thousands digit of 9298794705?
9
What is the millions digit of 1469992545?
9
What is the hundreds digit of 98542899?
8
What is the hundred millions digit of 117812319?
1
What is the hundred millions digit of 345752960?
3
What is the units digit of 4112109945?
5
What is the thousands digit of 777259101?
9
What is the ten thousands digit of 2833592015?
9
What is the units digit of 3419189461?
1
What is the hundred millions digit of 443245035?
4
What is the hundreds digit of 76644831?
8
What is the units digit of 20092411?
1
What is the tens digit of 3408080519?
1
What is the ten thousands digit of 129178352?
7
What is the tens digit of 44270422?
2
What is the hundred thousands digit of 183492166?
4
What is the hundred millions digit of 120652932?
1
What is the tens digit of 429757371?
7
What is the millions digit of 141154365?
1
What is the ten millions digit of 769793997?
6
What is the units digit of 310903339?
9
What is the hundreds digit of 3270787264?
2
What is the tens digit of 17365592?
9
What is the hundreds digit of 664284640?
6
What is the hundreds digit of 60617450?
4
What is the hundred millions digit of 475949810?
4
What is the hundreds digit of 4090303154?
1
What is the millions digit of 8528255317?
8
What is the hundred thousands digit of 69713458?
7
What is the units digit of 565615727?
7
What is the billions digit of 1241686176?
1
What is the tens digit of 28414275?
7
What is the millions digit of 5293124432?
3
What is the hundreds digit of 10518308?
3
What is the ten millions digit of 348276607?
4
What is the ten millions digit of 19283431?
1
What is the thousands digit of 40857241?
7
What is the ten millions digit of 373116652?
7
What is the ten millions digit of 145608409?
4
What is the hundred thousands digit of 88888374?
8
What is the ten thousands digit of 140146944?
4
What is the hundreds digit of 375048125?
1
What is the thousands digit of 91559819?
9
What is the tens digit of 98789170?
7
What is the thousands digit of 146088148?
8
What is the ten millions digit of 2151656522?
5
What is the hundreds digit of 63611786?
7
What is the billions digit of 4000584309?
4
What is the ten millions digit of 2448633281?
4
What is the hundred thousands digit of 281322728?
3
What is the ten millions digit of 19927130?
1
What is the tens digit of 3422183968?
6
What is the millions digit of 1265305344?
5
What is the thousands digit of 2201977423?
7
What is the tens digit of 49421435?
3
What is the ten thousands digit of 477211395?
1
What is the ten thousands digit of 843358336?
5
What is the hundreds digit of 595973159?
1
What is the hundred thousands digit of 962302130?
3
What is the thousands digit of 5801907?
1
What is the tens digit of 2950224124?
2
What is the hundreds digit of 57526498?
4
What is the millions digit of 5367547860?
7
What is the tens digit of 81276996?
9
What is the hundred millions digit of 799046398?
7
What is the hundred thousands digit of 2074929015?
9
What is the thousands digit of 93332010?
2
What is the ten millions digit of 228399847?
2
What is the millions digit of 243157124?
3
What is the hundred millions digit of 238298449?
2
What is the billions digit of 2272063607?
2
What is the ten millions digit of 17434679?
1
What is the ten thousands digit of 896530252?
3
What is the units digit of 88084806?
6
What is the ten thousands digit of 134838758?
3
What is the ten millions digit of 212515794?
1
What is the tens digit of 92829948?
4
What is the ten thousands digit of 327435511?
3
What is the hundred thousands digit of 39756667?
7
What is the hundred thousands digit of 8323820773?
8
What is the hundred thousands digit of 304014561?
0
What is the units digit of 213509737?
7
What is the hundred thousands digit of 63253729?
2
What is the ten millions digit of 246700556?
4
What is the thousands digit of 44726823?
6
What is the ten thousands digit of 812009181?
0
What is the hundred millions digit of 1894907144?
8
What is the hundreds digit of 27400255?
2
What is th